-3 - (-1 + -1 - 0).
-1
Calculate (1 - -1) + (5 - (0 - -9)).
-2
Calculate -5 - ((-5 - -4) + -5 - -8).
-7
What is -1 - 2 - (6 - -3 - 6)?
-6
What is -6 - (3 - 13 - (-3 - -1))?
2
Calculate -6 - (4 + -7) - 2.
-5
Calculate 8 + -9 - (3 + -1 + -1).
-2
Calculate -4 + 9 + -5 - (2 + -2).
0
What is the value of -2 - -3 - (1 - -2)?
-2
0 - -2 - (20 + -15)
-3
What is 4 - (-4 - (2 - (-4 + 9)))?
5
Calculate -8 - -13 - (-8 + 4).
9
What is -1 - (3 - -1 - 0)?
-5
What is -11 - ((4 - -6) + -17)?
-4
-8 - (-1 + (9 - 22))
6
What is -1 - (-5 + (-2 + 2 - -8))?
-4
Calculate 7 - (14 - (4 - -3)).
0
What is 70 + -81 + (6 - 0)?
-5
Calculate -17 + 14 - (-3 - 1).
1
4 + -8 - (0 - -3 - 4)
-3
Calculate -5 + 0 - (5 - (-5 + 12)).
-3
(-13 - -13) + (6 - (-2 + 1))
7
-4 - (1 + 3 - (-3 - -8))
-3
Evaluate 5 + -14 + 4 - -9.
4
What is the value of 2 - (10 - (2 - -2))?
-4
What is the value of 2 - ((-1 - -1) + 3 + -5)?
4
What is -2 - -1 - (3 - 4) - 5?
-5
-32 + 33 - (4 + -1 - 0)
-2
What is (3 - 8 - 1) + 3?
-3
What is -4 - ((3 - 1) + -8) - 1?
1
-6 - ((-7 - (-5 - -2)) + 1)
-3
What is the value of 9 - (6 + -2 - (5 - 3))?
7
Evaluate 0 - (-12 - -10 - -10).
-8
(-5 + 4 - -2) + (8 - 4)
5
Calculate -8 - -1 - (4 - 8) - -8.
5
Calculate ((-5 - -6) + 4 - 3) + -1.
1
What is -2 + 0 - (-1 - (-16 - -13))?
-4
Evaluate -5 - (4 - 8) - -4.
3
Evaluate -1 + -2 + -1 + 7.
3
(-5 - (2 + -5 + 3)) + 6
1
(7 - (4 + -4)) + -4
3
Calculate 0 + -7 - (-38 + 27).
4
What is the value of -2 + (4 - 10 - -3)?
-5
Evaluate (-2 - (-3 - -2)) + -19 + 25.
5
What is the value of 9 - (13 + -7) - 0?
3
Evaluate -64 - -64 - (1 - (5 + -3)).
1
(4 - 9) + -19 + 22
-2
Calculate (-5 - -3) + -2 + 1.
-3
What is the value of -6 + (2 - 8 - (0 - 5))?
-7
What is 7 - (-1 + (-4 - (-7 + -2)))?
3
Evaluate 21 + -25 - (4 + -1 + -2).
-5
1 - (-6 - (-1 + (1 - 2)))
5
What is -179 + 179 - (-7 - (0 - -1))?
8
Calculate -6 - -9 - (4 + -2).
1
-9 - (9 + -14 + -2)
-2
1 + 3 - ((-19 - 8) + 36)
-5
What is (8 - 5) + (-1 - 3)?
-1
Calculate -50 + 48 + (0 - -4).
2
What is -2 + (5 - 0) + 1?
4
What is -11 - ((10 - 16) + -3)?
-2
What is the value of 5 - 1 - (-22 - -26)?
0
What is the value of -3 + 0 + 1 + 5 + 1?
4
What is 211 + -208 + (-2 - 0)?
1
Evaluate -13 + 13 + -1 + 0.
-1
What is the value of (-13 - -8) + 3 - (1 - 7)?
4
-3 - (-8 - 0 - -3)
2
What is (7 - (1 - 2)) + -10?
-2
Calculate 19 + -18 + -2 + -3 + 2.
-2
What is the value of 8 - (5 + -5 - -1) - 4?
3
Calculate -8 + -3 + 5 + 6.
0
What is the value of -2 + 12 + -3 - (5 + -1)?
3
-2 - (-1 - (-8 + 13))
4
What is the value of -6 + (7 - 3) + -1?
-3
Calculate 1 - 10 - (67 + -72).
-4
5 - (3 + 0 - 4)
6
What is -2 - (3 + 0 + (0 - 1))?
-4
Calculate 0 + (5 - 13 - -6) + 2.
0
What is 8 + -8 - (1 - (-4 - 0))?
-5
(1 - (-2 - -2)) + (-124 - -124)
1
Evaluate -62 + 71 - (0 - -14).
-5
What is the value of (-25 - -10) + 9 - (-12 - -1)?
5
Calculate (0 - 25) + 9 - -10.
-6
Calculate (-6 - -19) + -5 + -3.
5
What is the value of -3 + (-1 - (-4 + 2))?
-2
1 - 9 - (-118 + 119)
-9
What is (3 - 1 - (49 + -50)) + -5?
-2
What is -7 + (1 - -1 - (21 + -23))?
-3
Calculate 9 - (21 - 7 - 6).
1
Calculate 11 + (2 - 7) + -11.
-5
Evaluate 7 - (0 - (3 - 5 - 1)).
4
What is -4 + (1 - 0) - -3?
0
Evaluate 6 - (13 + -4 - 5).
2
What is the value of -3 - (10 + -6) - -11?
4
What is the value of (0 - -3 - (0 + -2)) + -7?
-2
What is the value of 0 + 6 + 6 + -3 + -6?
3
-4 + -3 + 2 + 1 - -8
4
What is the value of 12 + (-2 - (12 - 3))?
1
What is the value of -5 - ((-2 + -1 - -2) + -1)?
-3
-3 + 1 - (13 + -17)
2
-4 + 9 + 0 + -8
-3
Evaluate 3 + 0 + (-14 - -12).
1
(-3 - -5 - 1) + -1
0
Evaluate 11 + -1 + 43 + -56.
-3
Evaluate (-16 - -13) + 2 + -1.
-2
What is (-10 - -10 - -8) + -4?
4
What is the value of 2 + (-6 - (-5 + 4))?
-3
What is 1 + -3 + 2 - -1 - -6?
7
What is -2 - ((37 - 34) + (-5 - 0))?
0
What is the value of 4 - (2 + 6) - -1?
-3
Evaluate -1 + -1 + 2 + -4 - -4.
0
-6 + (-1 - (-6 + 4))
-5
What is the value of -23 - -12 - -12 - (-4 - 1)?
6
Calculate 10 - (20 + -10 - 8).
8
What is (8 - 2) + (-13 - -3)?
-4
What is the value of -5 + -2 + 5 - -3?
1
(-7 - -10 - 0) + -4
-1
What is the value of 8 - (-1 - -6 - 5)?
8
Calculate -3 + 5 - (2 - (0 - -2)).
2
What is the value of -1 - (-3 + -6 + 4 + 4)?
0
What is 8 + 1 + -5 + -3?
1
Calculate (-1 - (5 + -3)) + 8.
5
-9 + 10 + (-1 - (3 + -5))
2
Evaluate (1 - 1) + 1 + -4 + 0.
-3
Calculate (-3 - -8) + 5 - 5.
5
Evaluate -5 + 21 + -3 + (-10 - -5).
8
Calculate -4 - (-4 + -1 + 4).
-3
What is the value of 1 - 1 - (-10 - -10)?
0
What is the value of 8 - ((5 - -3) + -8)?
8
What is the value of (4 + -1 - (-13 - -18)) + 9?
7
What is the value of -5 + 0 + -4 + (12 - 3)?
0
What is the value of 0 + 1 - 0 - 3?
-2
What is the value of -3 - 2 - (-21 + 17)?
-1
What is 2 + -8 + 2 + 9?
5
0 - (1 + 2) - (12 - 13)
-2
What is the value of -10 + 13 + (-13 - -3)?
-7
Evaluate 9 + 5 + -12 - -4.
6
What is -5 + 2 + (-17 - -8) + 6?
-6
Calculate 2 - 7 - (-8 - -5).
-2
Evaluate 10 + (7 - 9) + -13.
-5
What is the value of -2 + (4 + -6 - -3)?
-1
What is -5 + -1 - (29 + -31)?
-4
Calculate (10 - 11) + 3 + (2 - 0).
4
1 + (-11 - -10 - -4)
4
2 + 2 + (6 - 11) + 8
7
What is the value of 0 + (-2 - (-3 + 7))?
-6
What is -1 + -10 - (107 - 117)?
-1
What is the value of 6 + -8 + 5 + -4?
-1
Evaluate 3 + -3 + (2 - -6).
8
What is 1 + 0 + (3 - 2) + 1?
3
Calculate -7 + (1 - 3) + 7.
-2
What is 0 + -6 - (13 - 24)?
5
Evaluate 1 - ((3 - 1) + (8 - 12)).
3
Calculate (7 - 6) + (2 - 2).
1
Calculate 1 + 2 + 20 + -29.
-6
What is (0 - 2) + (5 - (2 + 4))?
-3
What is the value of -2 - (3 - (4 - -1))?
0
What is 1 + 2 - 0 - (1 + 2)?
0
What is the value of -1 - 1 - (19 + (1 - 20))?
-2
What is -3 + (12 - 9 - (-3 + 0))?
3
(-21 - -12) + 2 + 2 - -4
-1
(-2 + -3 - -11) + 1
7
Calculate 2 + (-2 + 8 - 4).
4
What is 1 + 5 + -3 + -1 + -7?
-5
Evaluate (3 - (2 + 1 - 4)) + -1.
3
What is the value of 0 + -1 + (-8 - -2 - -9)?
2
What is the value of (8 - (8 - 4)) + -4?
0
What is the value of -6 + (-1 - -2) + 2?
-3
What is 0 + -1 + 0 - (-106 + 104)?
1
Evaluate (-1 - 0) + -9 - (-116 + 108).
-2
Evaluate -9 - (-7 + -2 - 2).
2
What is the value of 2 + (-3 - -2 - 3)?
-2
-9 - (0 + -9) - 4
-4
Evaluate -5 + (0 + 0 - -6).
1
10 - (3 - (-7 - -6))
6
Evaluate 0 - 6 - ((-5 - -9) + -11).
1
Evaluate -2 + (10 - (1 - 1 - -4)).
4
Calculate -2 - (-8 - -6) - -1.
1
Evaluate 5 + -8 + -3 + 2.
-4
What is (-4 - (-11 + 2 + 1)) + -4?
0
Evaluate 12 - (-1 + 9 + 4).
0
Calculate 0 + (4 - 5) + 4.
3
-4 - -15 - 8 - 10
-7
What is -3 + (-2 - -3) - 1?
-3
Calculate (10 - -5) + (-7 - 1).
7
Evaluate (-9 - 1) + 4 + 3.
-3
What is the value of -21 + (2 - -12) + -1 + 12?
4
-4 - (-2 + (-1 - 3))
2
Evaluate (-1 - (1 + 2)) + 8 + -6.
-2
What is (1 - (9 + 1)) + 2?
-7
Evaluate -4 - (-3 - (0 - -3)) - 0.
2
What is the value of -1 - -1 - (0 + (-4 - -7))?
-3
What is (-7 + -1 - -13) + 0?
5
Calculate 8 + (1 + 2 - (2 + 4)).
5
Calculate (9 - 10 - (0 + -1)) + 2.
2
What is the value of 2 - 1 - (8 - 3)?
-4
What is 16 - (17 - (9 + -2))?
6
Evaluate 0 + 0 + 3 - (-1 - -8).
-4
Evaluate -3 + (2 - -1) + 2 + -3.
-1
Evaluate 6 - (7 - 0) - 0.
-1
-2 - (2 - 4 - -4)
-4
What is the value of -8 + 1 + 1 + 0?
-6
-2 + 1 + 3 + -3
-1
Evaluate 10 + -22 - -9 - -5.
2
What is 3 - ((8 - 6) + 4)?
-3
What is the value of (1 - -6) + -5 + 5?
7
Calculate (-1 + -1 - 4) + 2.
-4
1 - -3 - (-3 + -2 - -9)
0
What is the value of 9 + 0 - (2 - (-3 + 0))?
4
What is the value of 2 - (1 + 0) - (-324 - -317)?
8
What is the value of 2 + 1 + -10 + -9 + 11?
-5
What is -7 - (3 - 3 - 5)?
-2
Evaluate 1 + -1 + 0 + 0 + -2.
-2
6 + (2 + -8 - -4)
4
What is 7 + -1 - 2 - (5 + -2)?
1
What is -9 + 19 - 19 - -11?
2
Calculate (-9 - -2) + 17 + -6.
4
Evaluate (-5 - (-12 - -6)) + -13 - -5.
-7
1 + (-1 - 3) + 2 + 0
-1
Calculate 7 - 0 - (59 + -52).
0
What is -17 + 2 + 79 + -71?
-7
Evaluate -1 + -5 + 8 + -1.
1
What is the value of 0 + (10 - 3) - (-14 - -18)?
3
What is the value of 8 - (-2 - (-13 - -6))?
3
5 - 1 - 6 - -7
5
Calculate -5 - (-2 + 0 + -5).
2
Calculate -3 + (-3 - -14 - (5 + -2)).
5
1 + 1 + 1 + -2
1
What is the value of -14 - ((0 - 7) + 22 + -22)?
-7
What is -4 + (3 - 6) + 2?
-5
(2 + -4 - -2) + 1 + -8
-7
0 + 2 - (3 - -3)
-4
What is (-1 + 0 - 1) + 8?
6
Calculate -4 - 1 - (0 + (0 - 1)).
-4
(7 - 3 - -1) + -9
-4
What is (-6 - -4 - -8) + -8?
-2
Calculate 1 + -5 + 9 + (-7 - -5).
3
Calculate -4 + 3 + 10 - 4.
5
-35 + 29 - (2 - (2 + -1))
-7
What is the va